{"id":183,"date":"2015-01-27T23:16:02","date_gmt":"2015-01-27T21:16:02","guid":{"rendered":"http:\/\/www.cvc.uab.cat\/~xotazu\/?page_id=183"},"modified":"2025-05-13T15:24:16","modified_gmt":"2025-05-13T13:24:16","slug":"home","status":"publish","type":"page","link":"http:\/\/pages.cvc.uab.es\/xotazu\/","title":{"rendered":"Home"},"content":{"rendered":"<p><a href=\"http:\/\/www.cvc.uab.cat\/~xotazu\/?page_id=605\"><strong>Clickeu aqui per avisos Assignatura Test i Qualitat<\/strong><\/a><\/p>\n<table>\n<tbody>\n<tr>\n<td><a href=\"http:\/\/www.cvc.uab.cat\/~xotazu\/wp-content\/uploads\/2015\/01\/xavier_petit.jpg\"><img decoding=\"async\" loading=\"lazy\" class=\"alignnone size-full wp-image-189\" src=\"http:\/\/www.cvc.uab.cat\/~xotazu\/wp-content\/uploads\/2015\/01\/xavier_petit.jpg\" alt=\"xavier_petit\" width=\"189\" height=\"252\" \/><\/a><\/td>\n<td>\n<p><strong>POSITION:<\/strong> Senior Scientist, Full Professor<\/p>\n<p><strong>Address:<\/strong><br \/>\nCentre de Visi\u00f3 per Computador<br \/>\nCampus UAB, Cerdanyola del Vall\u00e8s<br \/>\n08193 Barcelona<br \/>\nSpain<\/p>\n<p><strong>email:<\/strong> xotazu <a href=\"http:\/\/en.wikipedia.org\/wiki\/Ensa%C3%AFmada\">(ensa\u00efmada)<\/a> cvc -dot- uab .another_dot. es<\/p>\n<p>Researcher ID: A-1208-2009<br \/>\nORCID ID: 0000-0002-4982-791X<br \/>\nScopus Author: 6602773644<\/td>\n<\/tr>\n<tr>\n<td><\/td>\n<td>\u00a0Curriculum Vitae (PDF)<\/td>\n<\/tr>\n<tr>\n<td><\/td>\n<td><a href=\"http:\/\/www.cvc.uab.es\/neurobit\/\">NeuroComputation and Biological Vision Team (NeuroBiT)<\/a><\/td>\n<\/tr>\n<\/tbody>\n<\/table>\n<h3>Short Bio<\/h3>\n<p>I am Full Professor (Catedr\u00e1tico de Universidad) at Computer Science Department of Universitat Autonoma de Barcelona, and Senior Scientist at CVC. I am BSc in Physics, MSc in Remote Senging and PhD in Physics (Astronomy Department) at Universitat de Barcelona where I worked on Astronomy and Remote Sensing data and image processing. I was researcher at Institut Cartogr\u00e0fic de Catalunya (Generalitat de Catalunya) where I worked on SAR processing. Since I am at CVC, I worked in Computer Vision developing computational algorithms for colour perception, visual saliency and tone-mapping operators. Presently, I am interested in bridging the gap between Computer Vision and Computational Neuroscience, working in the development of biologically plausible computational neurodynamical models of the visual cortex.<\/p>\n","protected":false},"excerpt":{"rendered":"<p>Clickeu aqui per avisos Assignatura Test i Qualitat POSITION: Senior Scientist, Full Professor Address: Centre de Visi\u00f3 per Computador Campus UAB, Cerdanyola del Vall\u00e8s 08193 Barcelona Spain email: xotazu (ensa\u00efmada) cvc -dot- uab .another_dot. es Researcher ID: A-1208-2009 ORCID ID: [&hellip;]<\/p>\n","protected":false},"author":1,"featured_media":0,"parent":0,"menu_order":0,"comment_status":"closed","ping_status":"closed","template":"","meta":[],"_links":{"self":[{"href":"http:\/\/pages.cvc.uab.es\/xotazu\/index.php?rest_route=\/wp\/v2\/pages\/183"}],"collection":[{"href":"http:\/\/pages.cvc.uab.es\/xotazu\/index.php?rest_route=\/wp\/v2\/pages"}],"about":[{"href":"http:\/\/pages.cvc.uab.es\/xotazu\/index.php?rest_route=\/wp\/v2\/types\/page"}],"author":[{"embeddable":true,"href":"http:\/\/pages.cvc.uab.es\/xotazu\/index.php?rest_route=\/wp\/v2\/users\/1"}],"replies":[{"embeddable":true,"href":"http:\/\/pages.cvc.uab.es\/xotazu\/index.php?rest_route=%2Fwp%2Fv2%2Fcomments&post=183"}],"version-history":[{"count":32,"href":"http:\/\/pages.cvc.uab.es\/xotazu\/index.php?rest_route=\/wp\/v2\/pages\/183\/revisions"}],"predecessor-version":[{"id":677,"href":"http:\/\/pages.cvc.uab.es\/xotazu\/index.php?rest_route=\/wp\/v2\/pages\/183\/revisions\/677"}],"wp:attachment":[{"href":"http:\/\/pages.cvc.uab.es\/xotazu\/index.php?rest_route=%2Fwp%2Fv2%2Fmedia&parent=183"}],"curies":[{"name":"wp","href":"https:\/\/api.w.org\/{rel}","templated":true}]}}